{"id":28,"date":"2015-03-24T11:04:42","date_gmt":"2015-03-24T11:04:42","guid":{"rendered":"http:\/\/cris.soluntec.net\/?page_id=28"},"modified":"2026-03-24T09:02:35","modified_gmt":"2026-03-24T08:02:35","slug":"transparencia","status":"publish","type":"page","link":"https:\/\/adiemontinyent.es\/?page_id=28","title":{"rendered":"Transpar\u00e8ncia"},"content":{"rendered":"<p>La transpar\u00e8ncia envers tots els seus grups d\u2019inter\u00e9s i el bon govern de l\u2019organitzaci\u00f3 s\u00f3n compromisos que ADIEM ha adquirit amb convicci\u00f3 i que pret\u00e9n fer efectius en tots els seus \u00e0mbits d\u2019activitat.<\/p>\n<p>En execuci\u00f3 dels mandats en aquesta mat\u00e8ria continguts en les normes reguladores pr\u00f2pies de l\u2019Entitat (Estatuts socials), aix\u00ed com dels derivats de la Llei 19\/2013, de 9 de desembre, de transpar\u00e8ncia, acc\u00e9s a la informaci\u00f3 p\u00fablica i bon govern, aplicable en part dels seus extrems at\u00e9s que ADIEM \u00e9s una entitat receptora de fons p\u00fablics (mitjan\u00e7ant subvencions i altres tipus d\u2019ajudes), s\u2019ofereix \u00e0mpliament, a trav\u00e9s de la p\u00e0gina web corporativa, la totalitat dels aspectes rellevants en mat\u00e8ria de transpar\u00e8ncia i bon govern, perqu\u00e8 totes les inst\u00e0ncies amb inter\u00e9s leg\u00edtim puguen accedir amb agilitat i senzillesa a aquesta informaci\u00f3.<\/p>\n<p><a href=\"http:\/\/adiemontinyent.es\/?page_id=144\">Mem\u00f2ria Econ\u00f2mica<\/a><\/p>\n<p><a title=\"Junta Directiva\" href=\"http:\/\/adiemontinyent.es\/?page_id=135\">Junta Directiva<\/a><\/p>\n<p><a href=\"http:\/\/adiemontinyent.es\/?page_id=238\">Mem\u00f2ria d&#8217;Activitats<\/a><\/p>\n<p><a href=\"http:\/\/adiemontinyent.es\/?page_id=240\">Pressupost Anual<\/a><\/p>\n<p><a href=\"http:\/\/adiemontinyent.es\/?page_id=92\">Codi \u00c8tic<\/a><\/p>\n<p><a title=\"Estatutos\" href=\"http:\/\/adiemontinyent.es\/?page_id=96\">Estatuts<\/a><\/p>\n","protected":false},"excerpt":{"rendered":"<p>La transpar\u00e8ncia envers tots els seus grups d\u2019inter\u00e9s i el bon govern de l\u2019organitzaci\u00f3 s\u00f3n compromisos que ADIEM ha adquirit amb convicci\u00f3 i que pret\u00e9n fer efectius en tots els seus \u00e0mbits d\u2019activitat. En execuci\u00f3 dels mandats en aquesta mat\u00e8ria&#8230;<br \/><a class=\"read-more-button\" href=\"https:\/\/adiemontinyent.es\/?page_id=28\">Leer m\u00e1s<\/a><\/p>\n","protected":false},"author":1,"featured_media":0,"parent":0,"menu_order":0,"comment_status":"closed","ping_status":"closed","template":"","meta":{"footnotes":""},"class_list":["post-28","page","type-page","status-publish","hentry"],"_links":{"self":[{"href":"https:\/\/adiemontinyent.es\/index.php?rest_route=\/wp\/v2\/pages\/28","targetHints":{"allow":["GET"]}}],"collection":[{"href":"https:\/\/adiemontinyent.es\/index.php?rest_route=\/wp\/v2\/pages"}],"about":[{"href":"https:\/\/adiemontinyent.es\/index.php?rest_route=\/wp\/v2\/types\/page"}],"author":[{"embeddable":true,"href":"https:\/\/adiemontinyent.es\/index.php?rest_route=\/wp\/v2\/users\/1"}],"replies":[{"embeddable":true,"href":"https:\/\/adiemontinyent.es\/index.php?rest_route=%2Fwp%2Fv2%2Fcomments&post=28"}],"version-history":[{"count":21,"href":"https:\/\/adiemontinyent.es\/index.php?rest_route=\/wp\/v2\/pages\/28\/revisions"}],"predecessor-version":[{"id":26351,"href":"https:\/\/adiemontinyent.es\/index.php?rest_route=\/wp\/v2\/pages\/28\/revisions\/26351"}],"wp:attachment":[{"href":"https:\/\/adiemontinyent.es\/index.php?rest_route=%2Fwp%2Fv2%2Fmedia&parent=28"}],"curies":[{"name":"wp","href":"https:\/\/api.w.org\/{rel}","templated":true}]}}