{"id":3688,"date":"2025-07-14T13:04:17","date_gmt":"2025-07-14T12:04:17","guid":{"rendered":"https:\/\/adiemontinyent.es\/?page_id=3688"},"modified":"2025-07-14T13:11:18","modified_gmt":"2025-07-14T12:11:18","slug":"membres-del-patronat","status":"publish","type":"page","link":"https:\/\/adiemontinyent.es\/?page_id=3688","title":{"rendered":"MEMBRES DEL PATRONAT"},"content":{"rendered":"\n<p>PRESIDENT:<\/p>\n\n\n\n<p>Presid\u00e8ncia d\u2019ADIEM, representada per D. VICENTE SANCHIS PENAD\u00c9S<\/p>\n\n\n\n<p>VICEPRESIDENT:<\/p>\n\n\n\n<p>AJUNTAMENT D\u2019ONTINYENT, representat pel seu alcalde, D. JORGE RODR\u00cdGUEZ GRAMAGE<\/p>\n\n\n\n<p>SECRETARI:<\/p>\n\n\n\n<p>D. JAUME FERR\u00c0NDIZ BOIX<\/p>\n\n\n\n<p>VOCAL:<\/p>\n\n\n\n<p>Associaci\u00f3 ADIEM, representada per D. CARLOS SALVADOR MU\u00d1OZ<\/p>\n","protected":false},"excerpt":{"rendered":"<p>PRESIDENT: Presid\u00e8ncia d\u2019ADIEM, representada per D. VICENTE SANCHIS PENAD\u00c9S VICEPRESIDENT: AJUNTAMENT D\u2019ONTINYENT, representat pel seu alcalde, D. JORGE RODR\u00cdGUEZ GRAMAGE SECRETARI: D. JAUME FERR\u00c0NDIZ BOIX VOCAL: Associaci\u00f3 ADIEM, representada per D. CARLOS SALVADOR MU\u00d1OZ<\/p>\n","protected":false},"author":1,"featured_media":0,"parent":0,"menu_order":0,"comment_status":"closed","ping_status":"closed","template":"","meta":{"footnotes":""},"class_list":["post-3688","page","type-page","status-publish","hentry"],"_links":{"self":[{"href":"https:\/\/adiemontinyent.es\/index.php?rest_route=\/wp\/v2\/pages\/3688","targetHints":{"allow":["GET"]}}],"collection":[{"href":"https:\/\/adiemontinyent.es\/index.php?rest_route=\/wp\/v2\/pages"}],"about":[{"href":"https:\/\/adiemontinyent.es\/index.php?rest_route=\/wp\/v2\/types\/page"}],"author":[{"embeddable":true,"href":"https:\/\/adiemontinyent.es\/index.php?rest_route=\/wp\/v2\/users\/1"}],"replies":[{"embeddable":true,"href":"https:\/\/adiemontinyent.es\/index.php?rest_route=%2Fwp%2Fv2%2Fcomments&post=3688"}],"version-history":[{"count":2,"href":"https:\/\/adiemontinyent.es\/index.php?rest_route=\/wp\/v2\/pages\/3688\/revisions"}],"predecessor-version":[{"id":3701,"href":"https:\/\/adiemontinyent.es\/index.php?rest_route=\/wp\/v2\/pages\/3688\/revisions\/3701"}],"wp:attachment":[{"href":"https:\/\/adiemontinyent.es\/index.php?rest_route=%2Fwp%2Fv2%2Fmedia&parent=3688"}],"curies":[{"name":"wp","href":"https:\/\/api.w.org\/{rel}","templated":true}]}}